alculate the remainder when 1*-3 + (-45)/(-5) is divided by k(g).
2
Let u(g) = g**3 + 10*g**2 + 15*g - 5. Suppose -2*q = -2*w + 4 - 10, 0 = 3*q + 3. What is the remainder when u(w) is divided by 14?
3
Let u(k) = -2*k**3 - 13*k**2 - 8*k - 31. Let p be u(-9). Suppose 0 = 15*a - p - 574. What is the remainder when a is divided by 47?
21
Let f(q) = 6*q - 96. Let i be f(16). Suppose -10*p + 7*p - l + 246 = i, 3*l = 4*p - 328. What is the remainder when p is divided by 22?
16
Let v = -21876 - -22518. What is the remainder when v is divided by 127?
7
Let p(w) = -w**2 - w + 5. Let u be p(9). Let a = -44 - u. Let c(v) = 2*v**2 + 453*v - 1354. What is the remainder when a is divided by c(3)?
18
Let k(o) = o**2 - 11*o - 26. Let a be (10*-2)/5 - -19. What is the remainder when k(a) is divided by 12?
10
Let d(c) be the second derivative of -7*c**3/6 + 3*c**2/2 + 2*c. Let h = 11064 - 10994. Calculate the remainder when h is divided by d(-3).
22
Let g(l) = l**3 + 26*l**2 + l + 30. Calculate the remainder when 75 is divided by g(-26).
3
Let t(o) = -o**2 + 11*o + 19. Let m be t(12). Suppose 0 = -11*h + m*h - 80. Calculate the remainder when 11 is divided by 10/h*30/(-3).
1
Let s(o) = -5*o - 23. Let p be s(-5). Suppose 4*w - 12 = p*d, 3*w - 22 = 4*d - 9*d. Suppose -165 = -d*l + 139. Calculate the remainder when l is divided by 31.
28
Let k be (-96)/72 + (-10)/(-3). Suppose 2*g + 4*l - 18 = -0*l, 0 = 3*g + 4*l - 37. What is the remainder when 24/k*(3 + 4/(-8)) is divided by g?
11
Let p be (-132)/(-77)*(-315)/(-6). Let t = 104 - p. What is the remainder when 19 is divided by t?
5
Let t = 3340 + -2951. Calculate the remainder when t is divided by 127.
8
What is the remainder when 20*-11*(-3585)/3300 is divided by 36?
23
Calculate the remainder when 746 is divided by 3/15 - 22032/(-90).
11
Let l(b) = 4*b**2 - 34*b + 16. Let r be l(9). What is the remainder when (-128)/10*(-85)/r is divided by 19?
13
Let n(a) = 108*a + 91. Let c be n(2). Let k = -304 + c. Calculate the remainder when 30 is divided by k.
0
Let r(y) = 26*y**2 + 510*y - 150. Calculate the remainder when (9/(-2))/((-2)/44) is divided by r(-20).
49
Let p = -2 + -4. What is the remainder when 93/((-1)/(6 - (-2 - 25/(-3)))) is divided by (-5)/((-20)/p)*-6?
4
Suppose 468*y - 499*y = -4154. What is the remainder when 511 is divided by y?
109
Suppose -118 = -2*v - 16. Suppose -17*r - 1201 + 4295 = 0. What is the remainder when r is divided by v?
29
Suppose 0 = -30*t - 24*t + 34992. Calculate the remainder when t is divided by 50.
48
Let s = 4018 + -4016. Let t = 7 + -3. Suppose t*r - j = 22, -7*j + s*j = -r - 4. What is the remainder when 25 is divided by r?
1
Let n(a) be the second derivative of -a**5/20 + 5*a**4/4 - 7*a**3/6 + 3*a**2/2 - 64*a. Calculate the remainder when n(6) is divided by 18.
15
Let v be (-10)/4*(-18)/15*-37. Let r be (-1)/(v/(-22) + -5). What is the remainder when 31 is divided by 6/(-4)*(r - -16)?
4
Suppose -f - 12 = -h, -2*h - 6*f = -f + 11. Let w(q) = -2*q + 112. What is the remainder when w(11) is divided by h?
6
Let y(u) = -11*u + 310. What is the remainder when y(14) is divided by 21?
9
Suppose 1129 = 5*j - 51. Calculate the remainder when j is divided by 51.
32
Let g = -453 - -453. Suppose 10*j + 511 - 2281 = g. What is the remainder when j is divided by 15?
12
Suppose 3*o = -z + 9684, -126*o + 122*o + 12891 = -z. Calculate the remainder when o is divided by 12.
9
Suppose -3*p = -2*s - 37, 3*s = -6*p + 2*p + 55. Let l be ((-6)/9)/(2 + (-80)/39). Let r = l + 34. Calculate the remainder when r is divided by p.
8
Let v = -35 - -122. Let y = 436 + -432. Calculate the remainder when v is divided by y.
3
Let l(a) = 14*a**3 - 3*a**2 + 4*a - 2. Let i = -283 - -68. What is the remainder when l(2) is divided by (-59)/(-354) - i/6?
34
Let g(y) = y**3 + 24*y**2 + 42*y - 146. What is the remainder when g(-21) is divided by 157?
138
Let y = 77 - 71. Suppose -28 = -y*b - 4. Suppose -3*x + 53 = 2*s, b*s - 66 + 5 = -3*x. Calculate the remainder when 24 is divided by x.
9
Let w = -3 + 13. Let a(j) = -j**2 + j + 15. Let p be a(5). What is the remainder when w is divided by p/(-2)*(36/(-20) - -3)?
1
Let v(d) = -d**2 + 17*d - 44. Let j be v(9). Let o(y) = -2*y**3 + 57*y**2 - 27*y + 31. What is the remainder when o(j) is divided by 4?
3
Let w = 305 - 329. Calculate the remainder when 116 is divided by (35*w/(-196))/((-2)/(-14)).
26
Let k = 16151 - 15706. What is the remainder when 487 is divided by k?
42
What is the remainder when (2 - 0) + (2268 - 66) is divided by 321?
278
Suppose 96 = 4*v + 3*k, 3*k - 10 + 58 = 2*v. Let y be (-4)/6 + (-22)/(-6). Suppose 0 = y*s - 81 - v. What is the remainder when s is divided by 12?
11
Let f be 27/216 + (-1614)/(-16). Suppose -4*l = p - 119, -p - 4*l + f = -6*l. What is the remainder when p is divided by 27?
26
Let u be 0 - (2 - (4 - 1) - 428). Let q = 639 - u. What is the remainder when q is divided by 43?
38
Let z be (-13)/((-65)/30) - 3. Suppose -149 = -0*m - m + q, 0 = -3*q - z. What is the remainder when m is divided by 25?
23
Let m = -1508 - -1033. Let x = -461 - m. Calculate the remainder when x is divided by 13.
1
Let y be (-5)/20 + 457/4. Suppose y = 2*b - 68. Let l(p) = -11*p - 199. What is the remainder when b is divided by l(-21)?
27
Let a = 1924 + -1808. Calculate the remainder when 500 is divided by a.
36
Let z(a) = 19*a + 175. Let w be z(-9). Calculate the remainder when 100 is divided by 2628/84 - w*3/42.
7
Suppose -10 = 3*u - 82. Suppose 3*m = -2*g + 1306, -227*m + g + 1282 = -224*m. Calculate the remainder when m is divided by u.
22
Let i = -174 - -176. Suppose -i*s - 24 = -2*v, -4*v - 5*s + 0*s + 30 = 0. Calculate the remainder when 97 is divided by v.
7
Let t = 42729 + -40857. Calculate the remainder when 3759 is divided by t.
15
Calculate the remainder when (2 + 12 - 0) + 10242 is divided by 15.
11
Let t be (8 + -4)*(0 + -202). Suppose -24 = -3*x + 2*x. Calculate the remainder when 3/9 - t/x is divided by 13.
8
Let k = 49488 + -49412. What is the remainder when k is divided by (3/(-9))/(2/(-102))?
8
Let z(t) = -599*t + 508. Calculate the remainder when z(-7) is divided by 84.
81
Let i = -31 - -55. Suppose 21*x = i*x - 30. Suppose -240 = -x*k + 5*k. What is the remainder when k is divided by 10?
8
Suppose 2*b - 90 = -3*b. What is the remainder when b is divided by (36/7)/(-237*(-83)/45899)?
6
Suppose -a + 2 = a, -4*t = a - 1649. Let j = -37588 - -37606. Calculate the remainder when t is divided by j.
16
Let j be ((-32)/10)/(38/(-95)). Let v be 3/j - 11627/(-56). Suppose 2*b - v = -6*b. What is the remainder when 51 is divided by b?
25
Let q(k) = -30*k - 112. Suppose -2*x + 65 = -57. Calculate the remainder when x is divided by q(-4).
5
Let w = -30 + 7. Let f = w - -38. Suppose -8*x + 1911 = 265*x. What is the remainder when f is divided by x?
1
Let w(r) = 9*r**2 + 6*r. Let j be 10*(-6)/12 - -3. Calculate the remainder when 115 is divided by w(j).
19
Let l be (-140)/(-420) + (1 - 790/(-6)). Let r = l + -32. Calculate the remainder when r is divided by 35.
31
Suppose 13*j = 9*j. Suppose j = -5*w + 94 + 36. What is the remainder when 71 is divided by w?
19
Suppose 3*v + 400 = 2*d + 1899, -5*v + 5*d + 2495 = 0. Calculate the remainder when v is divided by 478.
23
Let y(r) = 4*r**2 - 212*r - 854. Suppose -m = -30 - 3. Calculate the remainder when y(-4) is divided by m.
25
Calculate the remainder when 139 is divided by (-8)/(-2) + 66 + (30 - 15).
54
Let m(l) = -2*l**3 + 75*l**2 + 18*l - 172. What is the remainder when m(37) is divided by 40?
23
Let m = 26257 - 25544. What is the remainder when m is divided by 150?
113
Let b(h) be the second derivative of 7*h**5/4 + h**4/4 - h**3/6 - h**2/2 - 45*h - 1. What is the remainder when b(1) is divided by 29?
7
Let h(v) = -v**2 - 11*v + 17. Let c = -62 + 68. Let m(r) = r**3 - 7*r**2 + 7*r - 15. Let l be m(c). What is the remainder when 68 is divided by h(l)?
33
Let d(o) be the first derivative of -o**4/4 + 17*o**3/3 - 15*o**2 + 47*o + 188. What is the remainder when 176 is divided by d(15)?
35
What is the remainder when 592 is divided by (16/(-168)*36)/((-8)/728)?
280
Suppose 0*i + 384 = 2*i. Suppose 0 = -t - c - 6, -2*c - 11 = -3*t - 4. What is the remainder when i is divided by 0/7 - (-50 - t)?
45
Let z